{"id":586,"date":"2025-06-25T13:32:13","date_gmt":"2025-06-25T11:32:13","guid":{"rendered":"https:\/\/pediren.es\/reyes-catolicos\/?post_type=product&#038;p=586"},"modified":"2025-06-25T13:33:03","modified_gmt":"2025-06-25T11:33:03","slug":"pan-sin-gluten-racion","status":"publish","type":"product","link":"https:\/\/pediren.es\/reyes-catolicos\/producto\/pan-sin-gluten-racion\/","title":{"rendered":"Pan sin gluten (raci\u00f3n)"},"content":{"rendered":"<p>Raci\u00f3n individual. A\u00f1ade una raci\u00f3n por persona.<\/p>\n","protected":false},"excerpt":{"rendered":"<p>Raci\u00f3n individual. A\u00f1ade una raci\u00f3n por persona.<\/p>\n","protected":false},"featured_media":585,"template":"","meta":{"_et_pb_use_builder":"","_et_pb_old_content":"","_et_gb_content_width":""},"product_brand":[],"product_cat":[43],"product_tag":[],"class_list":{"0":"post-586","1":"product","2":"type-product","3":"status-publish","4":"has-post-thumbnail","6":"product_cat-pan","8":"first","9":"instock","10":"taxable","11":"shipping-taxable","12":"purchasable","13":"product-type-simple"},"yoast_head":"<!-- This site is optimized with the Yoast SEO plugin v27.2 - https:\/\/yoast.com\/product\/yoast-seo-wordpress\/ -->\n<title>Pan sin gluten (raci\u00f3n) - Reyes Cat\u00f3licos<\/title>\n<meta name=\"robots\" content=\"noindex, follow\" \/>\n<script type=\"application\/ld+json\" class=\"yoast-schema-graph\">{\"@context\":\"https:\/\/schema.org\",\"@graph\":[{\"@type\":\"WebPage\",\"@id\":\"https:\/\/pediren.es\/reyes-catolicos\/producto\/pan-sin-gluten-racion\/\",\"url\":\"https:\/\/pediren.es\/reyes-catolicos\/producto\/pan-sin-gluten-racion\/\",\"name\":\"Pan sin gluten (raci\u00f3n) - Reyes Cat\u00f3licos\",\"isPartOf\":{\"@id\":\"https:\/\/pediren.es\/reyes-catolicos\/#website\"},\"primaryImageOfPage\":{\"@id\":\"https:\/\/pediren.es\/reyes-catolicos\/producto\/pan-sin-gluten-racion\/#primaryimage\"},\"image\":{\"@id\":\"https:\/\/pediren.es\/reyes-catolicos\/producto\/pan-sin-gluten-racion\/#primaryimage\"},\"thumbnailUrl\":\"https:\/\/pediren.es\/reyes-catolicos\/wp-content\/uploads\/sites\/28\/2025\/06\/racion-de-pan-sin-gluten.jpg\",\"datePublished\":\"2025-06-25T11:32:13+00:00\",\"dateModified\":\"2025-06-25T11:33:03+00:00\",\"breadcrumb\":{\"@id\":\"https:\/\/pediren.es\/reyes-catolicos\/producto\/pan-sin-gluten-racion\/#breadcrumb\"},\"inLanguage\":\"es\",\"potentialAction\":[{\"@type\":\"ReadAction\",\"target\":[\"https:\/\/pediren.es\/reyes-catolicos\/producto\/pan-sin-gluten-racion\/\"]}]},{\"@type\":\"ImageObject\",\"inLanguage\":\"es\",\"@id\":\"https:\/\/pediren.es\/reyes-catolicos\/producto\/pan-sin-gluten-racion\/#primaryimage\",\"url\":\"https:\/\/pediren.es\/reyes-catolicos\/wp-content\/uploads\/sites\/28\/2025\/06\/racion-de-pan-sin-gluten.jpg\",\"contentUrl\":\"https:\/\/pediren.es\/reyes-catolicos\/wp-content\/uploads\/sites\/28\/2025\/06\/racion-de-pan-sin-gluten.jpg\",\"width\":1000,\"height\":600},{\"@type\":\"BreadcrumbList\",\"@id\":\"https:\/\/pediren.es\/reyes-catolicos\/producto\/pan-sin-gluten-racion\/#breadcrumb\",\"itemListElement\":[{\"@type\":\"ListItem\",\"position\":1,\"name\":\"Portada\",\"item\":\"https:\/\/pediren.es\/reyes-catolicos\/\"},{\"@type\":\"ListItem\",\"position\":2,\"name\":\"Restaurante Reyes Cat\u00f3licos\",\"item\":\"https:\/\/pediren.es\/reyes-catolicos\/\"},{\"@type\":\"ListItem\",\"position\":3,\"name\":\"Pan sin gluten (raci\u00f3n)\"}]},{\"@type\":\"WebSite\",\"@id\":\"https:\/\/pediren.es\/reyes-catolicos\/#website\",\"url\":\"https:\/\/pediren.es\/reyes-catolicos\/\",\"name\":\"Reyes Cat\u00f3licos\",\"description\":\"\u00a1Come como los Reyes con platos de m\u00e1xima calidad! Tambi\u00e9n paellas a domicilio y para recoger en paellera.\",\"potentialAction\":[{\"@type\":\"SearchAction\",\"target\":{\"@type\":\"EntryPoint\",\"urlTemplate\":\"https:\/\/pediren.es\/reyes-catolicos\/?s={search_term_string}\"},\"query-input\":{\"@type\":\"PropertyValueSpecification\",\"valueRequired\":true,\"valueName\":\"search_term_string\"}}],\"inLanguage\":\"es\"}]}<\/script>\n<!-- \/ Yoast SEO plugin. -->","yoast_head_json":{"title":"Pan sin gluten (raci\u00f3n) - Reyes Cat\u00f3licos","robots":{"index":"noindex","follow":"follow"},"schema":{"@context":"https:\/\/schema.org","@graph":[{"@type":"WebPage","@id":"https:\/\/pediren.es\/reyes-catolicos\/producto\/pan-sin-gluten-racion\/","url":"https:\/\/pediren.es\/reyes-catolicos\/producto\/pan-sin-gluten-racion\/","name":"Pan sin gluten (raci\u00f3n) - Reyes Cat\u00f3licos","isPartOf":{"@id":"https:\/\/pediren.es\/reyes-catolicos\/#website"},"primaryImageOfPage":{"@id":"https:\/\/pediren.es\/reyes-catolicos\/producto\/pan-sin-gluten-racion\/#primaryimage"},"image":{"@id":"https:\/\/pediren.es\/reyes-catolicos\/producto\/pan-sin-gluten-racion\/#primaryimage"},"thumbnailUrl":"https:\/\/pediren.es\/reyes-catolicos\/wp-content\/uploads\/sites\/28\/2025\/06\/racion-de-pan-sin-gluten.jpg","datePublished":"2025-06-25T11:32:13+00:00","dateModified":"2025-06-25T11:33:03+00:00","breadcrumb":{"@id":"https:\/\/pediren.es\/reyes-catolicos\/producto\/pan-sin-gluten-racion\/#breadcrumb"},"inLanguage":"es","potentialAction":[{"@type":"ReadAction","target":["https:\/\/pediren.es\/reyes-catolicos\/producto\/pan-sin-gluten-racion\/"]}]},{"@type":"ImageObject","inLanguage":"es","@id":"https:\/\/pediren.es\/reyes-catolicos\/producto\/pan-sin-gluten-racion\/#primaryimage","url":"https:\/\/pediren.es\/reyes-catolicos\/wp-content\/uploads\/sites\/28\/2025\/06\/racion-de-pan-sin-gluten.jpg","contentUrl":"https:\/\/pediren.es\/reyes-catolicos\/wp-content\/uploads\/sites\/28\/2025\/06\/racion-de-pan-sin-gluten.jpg","width":1000,"height":600},{"@type":"BreadcrumbList","@id":"https:\/\/pediren.es\/reyes-catolicos\/producto\/pan-sin-gluten-racion\/#breadcrumb","itemListElement":[{"@type":"ListItem","position":1,"name":"Portada","item":"https:\/\/pediren.es\/reyes-catolicos\/"},{"@type":"ListItem","position":2,"name":"Restaurante Reyes Cat\u00f3licos","item":"https:\/\/pediren.es\/reyes-catolicos\/"},{"@type":"ListItem","position":3,"name":"Pan sin gluten (raci\u00f3n)"}]},{"@type":"WebSite","@id":"https:\/\/pediren.es\/reyes-catolicos\/#website","url":"https:\/\/pediren.es\/reyes-catolicos\/","name":"Reyes Cat\u00f3licos","description":"\u00a1Come como los Reyes con platos de m\u00e1xima calidad! Tambi\u00e9n paellas a domicilio y para recoger en paellera.","potentialAction":[{"@type":"SearchAction","target":{"@type":"EntryPoint","urlTemplate":"https:\/\/pediren.es\/reyes-catolicos\/?s={search_term_string}"},"query-input":{"@type":"PropertyValueSpecification","valueRequired":true,"valueName":"search_term_string"}}],"inLanguage":"es"}]}},"_links":{"self":[{"href":"https:\/\/pediren.es\/reyes-catolicos\/wp-json\/wp\/v2\/product\/586","targetHints":{"allow":["GET"]}}],"collection":[{"href":"https:\/\/pediren.es\/reyes-catolicos\/wp-json\/wp\/v2\/product"}],"about":[{"href":"https:\/\/pediren.es\/reyes-catolicos\/wp-json\/wp\/v2\/types\/product"}],"wp:featuredmedia":[{"embeddable":true,"href":"https:\/\/pediren.es\/reyes-catolicos\/wp-json\/wp\/v2\/media\/585"}],"wp:attachment":[{"href":"https:\/\/pediren.es\/reyes-catolicos\/wp-json\/wp\/v2\/media?parent=586"}],"wp:term":[{"taxonomy":"product_brand","embeddable":true,"href":"https:\/\/pediren.es\/reyes-catolicos\/wp-json\/wp\/v2\/product_brand?post=586"},{"taxonomy":"product_cat","embeddable":true,"href":"https:\/\/pediren.es\/reyes-catolicos\/wp-json\/wp\/v2\/product_cat?post=586"},{"taxonomy":"product_tag","embeddable":true,"href":"https:\/\/pediren.es\/reyes-catolicos\/wp-json\/wp\/v2\/product_tag?post=586"}],"curies":[{"name":"wp","href":"https:\/\/api.w.org\/{rel}","templated":true}]}}