{"id":990,"date":"2024-07-19T20:41:51","date_gmt":"2024-07-19T18:41:51","guid":{"rendered":"https:\/\/pedirenjumilla.es\/ke-punto\/?post_type=product&#038;p=990"},"modified":"2024-07-27T18:49:12","modified_gmt":"2024-07-27T16:49:12","slug":"racion-de-pan-sin-gluten","status":"publish","type":"product","link":"https:\/\/pediren.es\/ke-punto\/producto\/racion-de-pan-sin-gluten\/","title":{"rendered":"Raci\u00f3n de pan Sin Gluten"},"content":{"rendered":"<p>Raci\u00f3n individual. A\u00f1ade una raci\u00f3n por persona.<\/p>\n","protected":false},"excerpt":{"rendered":"<p>Raci\u00f3n individual. A\u00f1ade una raci\u00f3n por persona.<\/p>\n","protected":false},"featured_media":989,"template":"","meta":{"_et_pb_use_builder":"","_et_pb_old_content":"","_et_gb_content_width":""},"product_brand":[],"product_cat":[44,43],"product_tag":[],"class_list":{"0":"post-990","1":"product","2":"type-product","3":"status-publish","4":"has-post-thumbnail","6":"product_cat-pan","7":"product_cat-sin-gluten","9":"first","10":"instock","11":"taxable","12":"shipping-taxable","13":"purchasable","14":"product-type-simple"},"yoast_head":"<!-- This site is optimized with the Yoast SEO plugin v27.5 - https:\/\/yoast.com\/product\/yoast-seo-wordpress\/ -->\n<title>Raci\u00f3n de pan Sin Gluten - Ke Punto<\/title>\n<meta name=\"robots\" content=\"noindex, follow\" \/>\n<script type=\"application\/ld+json\" class=\"yoast-schema-graph\">{\"@context\":\"https:\\\/\\\/schema.org\",\"@graph\":[{\"@type\":\"WebPage\",\"@id\":\"https:\\\/\\\/pediren.es\\\/ke-punto\\\/producto\\\/racion-de-pan-sin-gluten\\\/\",\"url\":\"https:\\\/\\\/pediren.es\\\/ke-punto\\\/producto\\\/racion-de-pan-sin-gluten\\\/\",\"name\":\"Raci\u00f3n de pan Sin Gluten - Ke Punto\",\"isPartOf\":{\"@id\":\"https:\\\/\\\/pediren.es\\\/ke-punto\\\/#website\"},\"primaryImageOfPage\":{\"@id\":\"https:\\\/\\\/pediren.es\\\/ke-punto\\\/producto\\\/racion-de-pan-sin-gluten\\\/#primaryimage\"},\"image\":{\"@id\":\"https:\\\/\\\/pediren.es\\\/ke-punto\\\/producto\\\/racion-de-pan-sin-gluten\\\/#primaryimage\"},\"thumbnailUrl\":\"https:\\\/\\\/pediren.es\\\/ke-punto\\\/wp-content\\\/uploads\\\/sites\\\/22\\\/2024\\\/07\\\/racion-de-pan-sin-gluten.jpg\",\"datePublished\":\"2024-07-19T18:41:51+00:00\",\"dateModified\":\"2024-07-27T16:49:12+00:00\",\"breadcrumb\":{\"@id\":\"https:\\\/\\\/pediren.es\\\/ke-punto\\\/producto\\\/racion-de-pan-sin-gluten\\\/#breadcrumb\"},\"inLanguage\":\"es\",\"potentialAction\":[{\"@type\":\"ReadAction\",\"target\":[\"https:\\\/\\\/pediren.es\\\/ke-punto\\\/producto\\\/racion-de-pan-sin-gluten\\\/\"]}]},{\"@type\":\"ImageObject\",\"inLanguage\":\"es\",\"@id\":\"https:\\\/\\\/pediren.es\\\/ke-punto\\\/producto\\\/racion-de-pan-sin-gluten\\\/#primaryimage\",\"url\":\"https:\\\/\\\/pediren.es\\\/ke-punto\\\/wp-content\\\/uploads\\\/sites\\\/22\\\/2024\\\/07\\\/racion-de-pan-sin-gluten.jpg\",\"contentUrl\":\"https:\\\/\\\/pediren.es\\\/ke-punto\\\/wp-content\\\/uploads\\\/sites\\\/22\\\/2024\\\/07\\\/racion-de-pan-sin-gluten.jpg\",\"width\":1000,\"height\":600},{\"@type\":\"BreadcrumbList\",\"@id\":\"https:\\\/\\\/pediren.es\\\/ke-punto\\\/producto\\\/racion-de-pan-sin-gluten\\\/#breadcrumb\",\"itemListElement\":[{\"@type\":\"ListItem\",\"position\":1,\"name\":\"Portada\",\"item\":\"https:\\\/\\\/pediren.es\\\/ke-punto\\\/\"},{\"@type\":\"ListItem\",\"position\":2,\"name\":\"K\u00e9 Punto\",\"item\":\"https:\\\/\\\/pediren.es\\\/ke-punto\\\/\"},{\"@type\":\"ListItem\",\"position\":3,\"name\":\"Raci\u00f3n de pan Sin Gluten\"}]},{\"@type\":\"WebSite\",\"@id\":\"https:\\\/\\\/pediren.es\\\/ke-punto\\\/#website\",\"url\":\"https:\\\/\\\/pediren.es\\\/ke-punto\\\/\",\"name\":\"Ke Punto\",\"description\":\"Disfruta del chorreo con nuestras burgers y una carta especial para ti\",\"potentialAction\":[{\"@type\":\"SearchAction\",\"target\":{\"@type\":\"EntryPoint\",\"urlTemplate\":\"https:\\\/\\\/pediren.es\\\/ke-punto\\\/?s={search_term_string}\"},\"query-input\":{\"@type\":\"PropertyValueSpecification\",\"valueRequired\":true,\"valueName\":\"search_term_string\"}}],\"inLanguage\":\"es\"}]}<\/script>\n<!-- \/ Yoast SEO plugin. -->","yoast_head_json":{"title":"Raci\u00f3n de pan Sin Gluten - Ke Punto","robots":{"index":"noindex","follow":"follow"},"schema":{"@context":"https:\/\/schema.org","@graph":[{"@type":"WebPage","@id":"https:\/\/pediren.es\/ke-punto\/producto\/racion-de-pan-sin-gluten\/","url":"https:\/\/pediren.es\/ke-punto\/producto\/racion-de-pan-sin-gluten\/","name":"Raci\u00f3n de pan Sin Gluten - Ke Punto","isPartOf":{"@id":"https:\/\/pediren.es\/ke-punto\/#website"},"primaryImageOfPage":{"@id":"https:\/\/pediren.es\/ke-punto\/producto\/racion-de-pan-sin-gluten\/#primaryimage"},"image":{"@id":"https:\/\/pediren.es\/ke-punto\/producto\/racion-de-pan-sin-gluten\/#primaryimage"},"thumbnailUrl":"https:\/\/pediren.es\/ke-punto\/wp-content\/uploads\/sites\/22\/2024\/07\/racion-de-pan-sin-gluten.jpg","datePublished":"2024-07-19T18:41:51+00:00","dateModified":"2024-07-27T16:49:12+00:00","breadcrumb":{"@id":"https:\/\/pediren.es\/ke-punto\/producto\/racion-de-pan-sin-gluten\/#breadcrumb"},"inLanguage":"es","potentialAction":[{"@type":"ReadAction","target":["https:\/\/pediren.es\/ke-punto\/producto\/racion-de-pan-sin-gluten\/"]}]},{"@type":"ImageObject","inLanguage":"es","@id":"https:\/\/pediren.es\/ke-punto\/producto\/racion-de-pan-sin-gluten\/#primaryimage","url":"https:\/\/pediren.es\/ke-punto\/wp-content\/uploads\/sites\/22\/2024\/07\/racion-de-pan-sin-gluten.jpg","contentUrl":"https:\/\/pediren.es\/ke-punto\/wp-content\/uploads\/sites\/22\/2024\/07\/racion-de-pan-sin-gluten.jpg","width":1000,"height":600},{"@type":"BreadcrumbList","@id":"https:\/\/pediren.es\/ke-punto\/producto\/racion-de-pan-sin-gluten\/#breadcrumb","itemListElement":[{"@type":"ListItem","position":1,"name":"Portada","item":"https:\/\/pediren.es\/ke-punto\/"},{"@type":"ListItem","position":2,"name":"K\u00e9 Punto","item":"https:\/\/pediren.es\/ke-punto\/"},{"@type":"ListItem","position":3,"name":"Raci\u00f3n de pan Sin Gluten"}]},{"@type":"WebSite","@id":"https:\/\/pediren.es\/ke-punto\/#website","url":"https:\/\/pediren.es\/ke-punto\/","name":"Ke Punto","description":"Disfruta del chorreo con nuestras burgers y una carta especial para ti","potentialAction":[{"@type":"SearchAction","target":{"@type":"EntryPoint","urlTemplate":"https:\/\/pediren.es\/ke-punto\/?s={search_term_string}"},"query-input":{"@type":"PropertyValueSpecification","valueRequired":true,"valueName":"search_term_string"}}],"inLanguage":"es"}]}},"_links":{"self":[{"href":"https:\/\/pediren.es\/ke-punto\/wp-json\/wp\/v2\/product\/990","targetHints":{"allow":["GET"]}}],"collection":[{"href":"https:\/\/pediren.es\/ke-punto\/wp-json\/wp\/v2\/product"}],"about":[{"href":"https:\/\/pediren.es\/ke-punto\/wp-json\/wp\/v2\/types\/product"}],"wp:featuredmedia":[{"embeddable":true,"href":"https:\/\/pediren.es\/ke-punto\/wp-json\/wp\/v2\/media\/989"}],"wp:attachment":[{"href":"https:\/\/pediren.es\/ke-punto\/wp-json\/wp\/v2\/media?parent=990"}],"wp:term":[{"taxonomy":"product_brand","embeddable":true,"href":"https:\/\/pediren.es\/ke-punto\/wp-json\/wp\/v2\/product_brand?post=990"},{"taxonomy":"product_cat","embeddable":true,"href":"https:\/\/pediren.es\/ke-punto\/wp-json\/wp\/v2\/product_cat?post=990"},{"taxonomy":"product_tag","embeddable":true,"href":"https:\/\/pediren.es\/ke-punto\/wp-json\/wp\/v2\/product_tag?post=990"}],"curies":[{"name":"wp","href":"https:\/\/api.w.org\/{rel}","templated":true}]}}