{"id":131,"date":"2024-09-23T18:08:33","date_gmt":"2024-09-23T16:08:33","guid":{"rendered":"https:\/\/pedirenyecla.es\/hamburgueseria-smash-goat\/?page_id=131"},"modified":"2025-03-11T20:17:55","modified_gmt":"2025-03-11T19:17:55","slug":"carta-cafeterias","status":"publish","type":"page","link":"https:\/\/pediren.es\/hamburgueseria-smash-goat\/carta-cafeterias\/","title":{"rendered":"Carta Cafeter\u00edas"},"content":{"rendered":"<p>[et_pb_section fb_built=\u00bb1&#8243; admin_label=\u00bbTitulo\u00bb module_id=\u00bbtienda-hamburgueseria-smash-goat\u00bb _builder_version=\u00bb4.27.0&#8243; background_color=\u00bbRGBA(255,255,255,0)\u00bb custom_margin=\u00bb0px||180px||false|false\u00bb custom_padding=\u00bb0px||||false|false\u00bb global_colors_info=\u00bb{}\u00bb][et_pb_row module_id=\u00bbintro-tienda\u00bb _builder_version=\u00bb4.24.2&#8243; _module_preset=\u00bbdefault\u00bb custom_margin=\u00bb0px||||false|false\u00bb custom_padding=\u00bb0px||||false|false\u00bb global_colors_info=\u00bb{}\u00bb][et_pb_column type=\u00bb4_4&#8243; _builder_version=\u00bb4.24.1&#8243; _module_preset=\u00bbdefault\u00bb global_colors_info=\u00bb{}\u00bb][et_pb_image src=\u00bbhttps:\/\/pediren.es\/hamburgueseria-smash-goat\/wp-content\/uploads\/sites\/76\/2024\/09\/logo-hamburgueseria-smash-goat.jpg\u00bb title_text=\u00bblogo-hamburgueseria-smash-goat\u00bb _builder_version=\u00bb4.27.0&#8243; _module_preset=\u00bbdefault\u00bb custom_margin=\u00bb||0px||false|false\u00bb custom_padding=\u00bb||0px||false|false\u00bb global_colors_info=\u00bb{}\u00bb][\/et_pb_image][et_pb_text _builder_version=\u00bb4.27.0&#8243; _module_preset=\u00bbdefault\u00bb global_colors_info=\u00bb{}\u00bb]<\/p>\n<h1 class=\"titulo-negocio\">Hamburgueser\u00eda Smash Goat<\/h1>\n<p class=\"descripcion-tienda\">Tss\u2026 \u00a1Las burgers con las que te chupas los dedos est\u00e1n aqu\u00ed!<\/p>\n<p class=\"servicios-negocio\"><i class=\"fa fa-motorcycle\" aria-hidden=\"true\"><\/i> Te lo llevamos<br \/><i class=\"fa fa-shopping-bag\" aria-hidden=\"true\"><\/i> Pide para recoger<br \/><i class=\"fa fa-clock-o\" aria-hidden=\"true\"><\/i> Mi\u00e9rcoles a domingo<br \/><i class=\"fa fa-credit-card\" aria-hidden=\"true\"><\/i> Paga con tarjeta, bizum o efectivo.<br \/><i class=\"fa fa-sticky-note-o\" aria-hidden=\"true\"><\/i> Indica cualquier detalle al finalizar el pedido.<br \/><i class=\"fa fa-info-circle\" aria-hidden=\"true\"><\/i> <a href=\"\/hamburgueseria-smash-goat\/info\/\" rel=\"nofollow\">Info establecimiento<\/a>.<\/p>\n<p>[\/et_pb_text][\/et_pb_column][\/et_pb_row][et_pb_row admin_label=\u00bbEntrantes\u00bb module_id=\u00bbhamburgueseria-smash-goat-entrantes\u00bb _builder_version=\u00bb4.27.0&#8243; _module_preset=\u00bbdefault\u00bb custom_margin=\u00bb0px||||false|false\u00bb custom_padding=\u00bb0px||||false|false\u00bb global_colors_info=\u00bb{}\u00bb][et_pb_column type=\u00bb4_4&#8243; _builder_version=\u00bb4.21.0&#8243; _module_preset=\u00bbdefault\u00bb global_colors_info=\u00bb{}\u00bb][et_pb_text admin_label=\u00bbT\u00edtulo\u00bb _builder_version=\u00bb4.27.0&#8243; _module_preset=\u00bbdefault\u00bb custom_margin=\u00bb||0px||false|false\u00bb sticky_position=\u00bbtop\u00bb sticky_limit_bottom=\u00bbrow\u00bb global_colors_info=\u00bb{}\u00bb]<\/p>\n<p class=\"titulos-carta\">Entrantes<\/p>\n<p>[\/et_pb_text][et_pb_text admin_label=\u00bbTexto\u00bb _builder_version=\u00bb4.27.0&#8243; _module_preset=\u00bbdefault\u00bb global_colors_info=\u00bb{}\u00bb]<\/p>\n<p class=\"texto-secciones-carta\">Los mejores amigos de las burgers \ud83e\udd2b<\/p>\n<p>[\/et_pb_text][et_pb_shop type=\u00bbproduct_category\u00bb posts_number=\u00bb999&#8243; include_categories=\u00bb23&#8243; columns_number=\u00bb3&#8243; orderby=\u00bbmenu_order\u00bb _builder_version=\u00bb4.27.4&#8243; _module_preset=\u00bbdefault\u00bb hover_enabled=\u00bb0&#8243; global_colors_info=\u00bb{}\u00bb sticky_enabled=\u00bb0&#8243;][\/et_pb_shop][\/et_pb_column][\/et_pb_row][et_pb_row admin_label=\u00bbBurgers\u00bb module_id=\u00bbhamburgueseria-smash-goat-burgers\u00bb _builder_version=\u00bb4.27.0&#8243; _module_preset=\u00bbdefault\u00bb custom_margin=\u00bb0px||||false|false\u00bb custom_padding=\u00bb0px||||false|false\u00bb global_colors_info=\u00bb{}\u00bb][et_pb_column type=\u00bb4_4&#8243; _builder_version=\u00bb4.21.0&#8243; _module_preset=\u00bbdefault\u00bb global_colors_info=\u00bb{}\u00bb][et_pb_text admin_label=\u00bbT\u00edtulo\u00bb _builder_version=\u00bb4.27.0&#8243; _module_preset=\u00bbdefault\u00bb custom_margin=\u00bb||0px||false|false\u00bb sticky_position=\u00bbtop\u00bb sticky_limit_bottom=\u00bbrow\u00bb global_colors_info=\u00bb{}\u00bb]<\/p>\n<p class=\"titulos-carta\">Burgers<\/p>\n<p>[\/et_pb_text][et_pb_text admin_label=\u00bbTexto\u00bb _builder_version=\u00bb4.27.0&#8243; _module_preset=\u00bbdefault\u00bb global_colors_info=\u00bb{}\u00bb]<\/p>\n<p class=\"texto-secciones-carta\">\u00a1Te vas a chupar los dedos! \ud83e\udd2a<\/p>\n<p>[\/et_pb_text][et_pb_shop type=\u00bbproduct_category\u00bb posts_number=\u00bb999&#8243; include_categories=\u00bb20,24&#8243; columns_number=\u00bb3&#8243; orderby=\u00bbmenu_order\u00bb _builder_version=\u00bb4.27.4&#8243; _module_preset=\u00bbdefault\u00bb hover_enabled=\u00bb0&#8243; global_colors_info=\u00bb{}\u00bb sticky_enabled=\u00bb0&#8243;][\/et_pb_shop][\/et_pb_column][\/et_pb_row][et_pb_row admin_label=\u00bbSalsas\u00bb module_id=\u00bbhamburgueseria-smash-goat-salsas\u00bb _builder_version=\u00bb4.27.0&#8243; _module_preset=\u00bbdefault\u00bb custom_margin=\u00bb0px||||false|false\u00bb custom_padding=\u00bb0px||||false|false\u00bb global_colors_info=\u00bb{}\u00bb][et_pb_column type=\u00bb4_4&#8243; _builder_version=\u00bb4.21.0&#8243; _module_preset=\u00bbdefault\u00bb global_colors_info=\u00bb{}\u00bb][et_pb_text admin_label=\u00bbT\u00edtulo\u00bb _builder_version=\u00bb4.27.0&#8243; _module_preset=\u00bbdefault\u00bb custom_margin=\u00bb||0px||false|false\u00bb sticky_position=\u00bbtop\u00bb sticky_limit_bottom=\u00bbrow\u00bb global_colors_info=\u00bb{}\u00bb]<\/p>\n<p class=\"titulos-carta\">Salsas<\/p>\n<p>[\/et_pb_text][et_pb_text admin_label=\u00bbTexto\u00bb _builder_version=\u00bb4.27.0&#8243; _module_preset=\u00bbdefault\u00bb global_colors_info=\u00bb{}\u00bb]<\/p>\n<p class=\"texto-secciones-carta\">\u00a1Tu cuerpo pide salsa! \ud83d\ude0f<\/p>\n<p>[\/et_pb_text][et_pb_shop type=\u00bbproduct_category\u00bb posts_number=\u00bb999&#8243; include_categories=\u00bb38&#8243; columns_number=\u00bb3&#8243; orderby=\u00bbmenu_order\u00bb _builder_version=\u00bb4.27.4&#8243; _module_preset=\u00bbdefault\u00bb hover_enabled=\u00bb0&#8243; global_colors_info=\u00bb{}\u00bb sticky_enabled=\u00bb0&#8243;][\/et_pb_shop][\/et_pb_column][\/et_pb_row][et_pb_row admin_label=\u00bbPostres\u00bb module_id=\u00bbhamburgueseria-smash-goat-postres\u00bb _builder_version=\u00bb4.27.0&#8243; _module_preset=\u00bbdefault\u00bb custom_margin=\u00bb0px||||false|false\u00bb custom_padding=\u00bb0px||||false|false\u00bb global_colors_info=\u00bb{}\u00bb][et_pb_column type=\u00bb4_4&#8243; _builder_version=\u00bb4.21.0&#8243; _module_preset=\u00bbdefault\u00bb global_colors_info=\u00bb{}\u00bb][et_pb_text admin_label=\u00bbT\u00edtulo\u00bb _builder_version=\u00bb4.27.0&#8243; _module_preset=\u00bbdefault\u00bb custom_margin=\u00bb||0px||false|false\u00bb sticky_position=\u00bbtop\u00bb sticky_limit_bottom=\u00bbrow\u00bb global_colors_info=\u00bb{}\u00bb]<\/p>\n<p class=\"titulos-carta\">Postres<\/p>\n<p>[\/et_pb_text][et_pb_text admin_label=\u00bbTexto\u00bb _builder_version=\u00bb4.27.0&#8243; _module_preset=\u00bbdefault\u00bb global_colors_info=\u00bb{}\u00bb]<\/p>\n<p class=\"texto-secciones-carta\">\u00a1SOLO PARA MAYORES DE 18 A\u00d1OS! \ud83d\ude1c\ud83e\udd24<\/p>\n<p>[\/et_pb_text][et_pb_shop type=\u00bbproduct_category\u00bb posts_number=\u00bb999&#8243; include_categories=\u00bb35&#8243; columns_number=\u00bb3&#8243; orderby=\u00bbmenu_order\u00bb _builder_version=\u00bb4.27.4&#8243; _module_preset=\u00bbdefault\u00bb hover_enabled=\u00bb0&#8243; global_colors_info=\u00bb{}\u00bb sticky_enabled=\u00bb0&#8243;][\/et_pb_shop][\/et_pb_column][\/et_pb_row][\/et_pb_section]<\/p>\n","protected":false},"excerpt":{"rendered":"<p>Hamburgueser\u00eda Smash Goat Tss\u2026 \u00a1Las burgers con las que te chupas los dedos est\u00e1n aqu\u00ed! Te lo llevamos Pide para recoger Mi\u00e9rcoles a domingo Paga con tarjeta, bizum o efectivo. Indica cualquier detalle al finalizar el pedido. Info establecimiento.EntrantesLos mejores amigos de las burgers \ud83e\udd2bBurgers\u00a1Te vas a chupar los dedos! \ud83e\udd2aSalsas\u00a1Tu cuerpo pide salsa! \ud83d\ude0fPostres\u00a1SOLO [&hellip;]<\/p>\n","protected":false},"author":1,"featured_media":0,"parent":0,"menu_order":0,"comment_status":"closed","ping_status":"closed","template":"","meta":{"_et_pb_use_builder":"on","_et_pb_old_content":"","_et_gb_content_width":"","footnotes":""},"class_list":["post-131","page","type-page","status-publish","hentry"],"yoast_head":"<!-- This site is optimized with the Yoast SEO plugin v27.5 - https:\/\/yoast.com\/product\/yoast-seo-wordpress\/ -->\n<title>Carta Cafeter\u00edas - Hamburgueser\u00eda Smash Goat<\/title>\n<meta name=\"robots\" content=\"noindex, nofollow\" \/>\n<script type=\"application\/ld+json\" class=\"yoast-schema-graph\">{\"@context\":\"https:\\\/\\\/schema.org\",\"@graph\":[{\"@type\":\"WebPage\",\"@id\":\"https:\\\/\\\/pediren.es\\\/hamburgueseria-smash-goat\\\/carta-cafeterias\\\/\",\"url\":\"https:\\\/\\\/pediren.es\\\/hamburgueseria-smash-goat\\\/carta-cafeterias\\\/\",\"name\":\"Carta Cafeter\u00edas - Hamburgueser\u00eda Smash Goat\",\"isPartOf\":{\"@id\":\"https:\\\/\\\/pediren.es\\\/hamburgueseria-smash-goat\\\/#website\"},\"datePublished\":\"2024-09-23T16:08:33+00:00\",\"dateModified\":\"2025-03-11T19:17:55+00:00\",\"breadcrumb\":{\"@id\":\"https:\\\/\\\/pediren.es\\\/hamburgueseria-smash-goat\\\/carta-cafeterias\\\/#breadcrumb\"},\"inLanguage\":\"es\",\"potentialAction\":[{\"@type\":\"ReadAction\",\"target\":[\"https:\\\/\\\/pediren.es\\\/hamburgueseria-smash-goat\\\/carta-cafeterias\\\/\"]}]},{\"@type\":\"BreadcrumbList\",\"@id\":\"https:\\\/\\\/pediren.es\\\/hamburgueseria-smash-goat\\\/carta-cafeterias\\\/#breadcrumb\",\"itemListElement\":[{\"@type\":\"ListItem\",\"position\":1,\"name\":\"Portada\",\"item\":\"https:\\\/\\\/pediren.es\\\/hamburgueseria-smash-goat\\\/\"},{\"@type\":\"ListItem\",\"position\":2,\"name\":\"Carta Cafeter\u00edas\"}]},{\"@type\":\"WebSite\",\"@id\":\"https:\\\/\\\/pediren.es\\\/hamburgueseria-smash-goat\\\/#website\",\"url\":\"https:\\\/\\\/pediren.es\\\/hamburgueseria-smash-goat\\\/\",\"name\":\"Hamburgueser\u00eda Smash Goat\",\"description\":\"Tss\u2026 \u00a1Las burgers con las que te chupas los dedos est\u00e1n aqu\u00ed!\",\"publisher\":{\"@id\":\"https:\\\/\\\/pediren.es\\\/hamburgueseria-smash-goat\\\/#organization\"},\"potentialAction\":[{\"@type\":\"SearchAction\",\"target\":{\"@type\":\"EntryPoint\",\"urlTemplate\":\"https:\\\/\\\/pediren.es\\\/hamburgueseria-smash-goat\\\/?s={search_term_string}\"},\"query-input\":{\"@type\":\"PropertyValueSpecification\",\"valueRequired\":true,\"valueName\":\"search_term_string\"}}],\"inLanguage\":\"es\"},{\"@type\":\"Organization\",\"@id\":\"https:\\\/\\\/pediren.es\\\/hamburgueseria-smash-goat\\\/#organization\",\"name\":\"PedirEnJumilla.es\",\"alternateName\":\"Pedir En Jumilla\",\"url\":\"https:\\\/\\\/pediren.es\\\/hamburgueseria-smash-goat\\\/\",\"logo\":{\"@type\":\"ImageObject\",\"inLanguage\":\"es\",\"@id\":\"https:\\\/\\\/pediren.es\\\/hamburgueseria-smash-goat\\\/#\\\/schema\\\/logo\\\/image\\\/\",\"url\":\"https:\\\/\\\/pediren.es\\\/wp-content\\\/uploads\\\/2024\\\/02\\\/pedir-en-jumilla-es-logo.svg\",\"contentUrl\":\"https:\\\/\\\/pediren.es\\\/wp-content\\\/uploads\\\/2024\\\/02\\\/pedir-en-jumilla-es-logo.svg\",\"width\":500,\"height\":173,\"caption\":\"PedirEnJumilla.es\"},\"image\":{\"@id\":\"https:\\\/\\\/pediren.es\\\/hamburgueseria-smash-goat\\\/#\\\/schema\\\/logo\\\/image\\\/\"},\"sameAs\":[\"https:\\\/\\\/www.facebook.com\\\/pediren.es\",\"https:\\\/\\\/www.instagram.com\\\/pediren.es\\\/\"]}]}<\/script>\n<!-- \/ Yoast SEO plugin. -->","yoast_head_json":{"title":"Carta Cafeter\u00edas - Hamburgueser\u00eda Smash Goat","robots":{"index":"noindex","follow":"nofollow"},"schema":{"@context":"https:\/\/schema.org","@graph":[{"@type":"WebPage","@id":"https:\/\/pediren.es\/hamburgueseria-smash-goat\/carta-cafeterias\/","url":"https:\/\/pediren.es\/hamburgueseria-smash-goat\/carta-cafeterias\/","name":"Carta Cafeter\u00edas - Hamburgueser\u00eda Smash Goat","isPartOf":{"@id":"https:\/\/pediren.es\/hamburgueseria-smash-goat\/#website"},"datePublished":"2024-09-23T16:08:33+00:00","dateModified":"2025-03-11T19:17:55+00:00","breadcrumb":{"@id":"https:\/\/pediren.es\/hamburgueseria-smash-goat\/carta-cafeterias\/#breadcrumb"},"inLanguage":"es","potentialAction":[{"@type":"ReadAction","target":["https:\/\/pediren.es\/hamburgueseria-smash-goat\/carta-cafeterias\/"]}]},{"@type":"BreadcrumbList","@id":"https:\/\/pediren.es\/hamburgueseria-smash-goat\/carta-cafeterias\/#breadcrumb","itemListElement":[{"@type":"ListItem","position":1,"name":"Portada","item":"https:\/\/pediren.es\/hamburgueseria-smash-goat\/"},{"@type":"ListItem","position":2,"name":"Carta Cafeter\u00edas"}]},{"@type":"WebSite","@id":"https:\/\/pediren.es\/hamburgueseria-smash-goat\/#website","url":"https:\/\/pediren.es\/hamburgueseria-smash-goat\/","name":"Hamburgueser\u00eda Smash Goat","description":"Tss\u2026 \u00a1Las burgers con las que te chupas los dedos est\u00e1n aqu\u00ed!","publisher":{"@id":"https:\/\/pediren.es\/hamburgueseria-smash-goat\/#organization"},"potentialAction":[{"@type":"SearchAction","target":{"@type":"EntryPoint","urlTemplate":"https:\/\/pediren.es\/hamburgueseria-smash-goat\/?s={search_term_string}"},"query-input":{"@type":"PropertyValueSpecification","valueRequired":true,"valueName":"search_term_string"}}],"inLanguage":"es"},{"@type":"Organization","@id":"https:\/\/pediren.es\/hamburgueseria-smash-goat\/#organization","name":"PedirEnJumilla.es","alternateName":"Pedir En Jumilla","url":"https:\/\/pediren.es\/hamburgueseria-smash-goat\/","logo":{"@type":"ImageObject","inLanguage":"es","@id":"https:\/\/pediren.es\/hamburgueseria-smash-goat\/#\/schema\/logo\/image\/","url":"https:\/\/pediren.es\/wp-content\/uploads\/2024\/02\/pedir-en-jumilla-es-logo.svg","contentUrl":"https:\/\/pediren.es\/wp-content\/uploads\/2024\/02\/pedir-en-jumilla-es-logo.svg","width":500,"height":173,"caption":"PedirEnJumilla.es"},"image":{"@id":"https:\/\/pediren.es\/hamburgueseria-smash-goat\/#\/schema\/logo\/image\/"},"sameAs":["https:\/\/www.facebook.com\/pediren.es","https:\/\/www.instagram.com\/pediren.es\/"]}]}},"_links":{"self":[{"href":"https:\/\/pediren.es\/hamburgueseria-smash-goat\/wp-json\/wp\/v2\/pages\/131","targetHints":{"allow":["GET"]}}],"collection":[{"href":"https:\/\/pediren.es\/hamburgueseria-smash-goat\/wp-json\/wp\/v2\/pages"}],"about":[{"href":"https:\/\/pediren.es\/hamburgueseria-smash-goat\/wp-json\/wp\/v2\/types\/page"}],"author":[{"embeddable":true,"href":"https:\/\/pediren.es\/hamburgueseria-smash-goat\/wp-json\/wp\/v2\/users\/1"}],"replies":[{"embeddable":true,"href":"https:\/\/pediren.es\/hamburgueseria-smash-goat\/wp-json\/wp\/v2\/comments?post=131"}],"version-history":[{"count":1,"href":"https:\/\/pediren.es\/hamburgueseria-smash-goat\/wp-json\/wp\/v2\/pages\/131\/revisions"}],"predecessor-version":[{"id":3489,"href":"https:\/\/pediren.es\/hamburgueseria-smash-goat\/wp-json\/wp\/v2\/pages\/131\/revisions\/3489"}],"wp:attachment":[{"href":"https:\/\/pediren.es\/hamburgueseria-smash-goat\/wp-json\/wp\/v2\/media?parent=131"}],"curies":[{"name":"wp","href":"https:\/\/api.w.org\/{rel}","templated":true}]}}