{"id":68,"date":"2024-04-19T12:06:48","date_gmt":"2024-04-19T10:06:48","guid":{"rendered":"https:\/\/pedirenjumilla.es\/casa-sebastian\/?post_type=product&#038;p=68"},"modified":"2024-06-25T20:31:14","modified_gmt":"2024-06-25T18:31:14","slug":"ensalada-de-la-casa-individual","status":"publish","type":"product","link":"https:\/\/pediren.es\/casa-sebastian\/producto\/ensalada-de-la-casa-individual\/","title":{"rendered":"Ensalada de la Casa Individual"},"content":{"rendered":"<p>Lechuga, tomate, aceitunas, ma\u00edz, at\u00fan, huevo cocido, pimiento de piquillo, esp\u00e1rragos y queso fresco.<\/p>\n","protected":false},"excerpt":{"rendered":"<p>Lechuga, tomate, aceitunas, ma\u00edz, at\u00fan, huevo cocido, pimiento de piquillo, esp\u00e1rragos y queso fresco.<\/p>\n","protected":false},"featured_media":193,"template":"","meta":{"_et_pb_use_builder":"","_et_pb_old_content":"","_et_gb_content_width":""},"product_brand":[],"product_cat":[17],"product_tag":[],"class_list":{"0":"post-68","1":"product","2":"type-product","3":"status-publish","4":"has-post-thumbnail","6":"product_cat-ensaladas","8":"first","9":"instock","10":"featured","11":"taxable","12":"shipping-taxable","13":"purchasable","14":"product-type-simple"},"yoast_head":"<!-- This site is optimized with the Yoast SEO plugin v27.3 - https:\/\/yoast.com\/product\/yoast-seo-wordpress\/ -->\n<title>Ensalada de la Casa Individual - Casa Sebasti\u00e1n<\/title>\n<meta name=\"robots\" content=\"noindex, follow\" \/>\n<script type=\"application\/ld+json\" class=\"yoast-schema-graph\">{\"@context\":\"https:\\\/\\\/schema.org\",\"@graph\":[{\"@type\":\"WebPage\",\"@id\":\"https:\\\/\\\/pediren.es\\\/casa-sebastian\\\/producto\\\/ensalada-de-la-casa-individual\\\/\",\"url\":\"https:\\\/\\\/pediren.es\\\/casa-sebastian\\\/producto\\\/ensalada-de-la-casa-individual\\\/\",\"name\":\"Ensalada de la Casa Individual - Casa Sebasti\u00e1n\",\"isPartOf\":{\"@id\":\"https:\\\/\\\/pediren.es\\\/casa-sebastian\\\/#website\"},\"primaryImageOfPage\":{\"@id\":\"https:\\\/\\\/pediren.es\\\/casa-sebastian\\\/producto\\\/ensalada-de-la-casa-individual\\\/#primaryimage\"},\"image\":{\"@id\":\"https:\\\/\\\/pediren.es\\\/casa-sebastian\\\/producto\\\/ensalada-de-la-casa-individual\\\/#primaryimage\"},\"thumbnailUrl\":\"https:\\\/\\\/pediren.es\\\/casa-sebastian\\\/wp-content\\\/uploads\\\/sites\\\/35\\\/2024\\\/04\\\/Ensalada-de-la-Casa-Individual.jpg\",\"datePublished\":\"2024-04-19T10:06:48+00:00\",\"dateModified\":\"2024-06-25T18:31:14+00:00\",\"breadcrumb\":{\"@id\":\"https:\\\/\\\/pediren.es\\\/casa-sebastian\\\/producto\\\/ensalada-de-la-casa-individual\\\/#breadcrumb\"},\"inLanguage\":\"es\",\"potentialAction\":[{\"@type\":\"ReadAction\",\"target\":[\"https:\\\/\\\/pediren.es\\\/casa-sebastian\\\/producto\\\/ensalada-de-la-casa-individual\\\/\"]}]},{\"@type\":\"ImageObject\",\"inLanguage\":\"es\",\"@id\":\"https:\\\/\\\/pediren.es\\\/casa-sebastian\\\/producto\\\/ensalada-de-la-casa-individual\\\/#primaryimage\",\"url\":\"https:\\\/\\\/pediren.es\\\/casa-sebastian\\\/wp-content\\\/uploads\\\/sites\\\/35\\\/2024\\\/04\\\/Ensalada-de-la-Casa-Individual.jpg\",\"contentUrl\":\"https:\\\/\\\/pediren.es\\\/casa-sebastian\\\/wp-content\\\/uploads\\\/sites\\\/35\\\/2024\\\/04\\\/Ensalada-de-la-Casa-Individual.jpg\",\"width\":1000,\"height\":600},{\"@type\":\"BreadcrumbList\",\"@id\":\"https:\\\/\\\/pediren.es\\\/casa-sebastian\\\/producto\\\/ensalada-de-la-casa-individual\\\/#breadcrumb\",\"itemListElement\":[{\"@type\":\"ListItem\",\"position\":1,\"name\":\"Portada\",\"item\":\"https:\\\/\\\/pediren.es\\\/casa-sebastian\\\/\"},{\"@type\":\"ListItem\",\"position\":2,\"name\":\"Casa Sebasti\u00e1n\",\"item\":\"https:\\\/\\\/pediren.es\\\/casa-sebastian\\\/\"},{\"@type\":\"ListItem\",\"position\":3,\"name\":\"Ensalada de la Casa Individual\"}]},{\"@type\":\"WebSite\",\"@id\":\"https:\\\/\\\/pediren.es\\\/casa-sebastian\\\/#website\",\"url\":\"https:\\\/\\\/pediren.es\\\/casa-sebastian\\\/\",\"name\":\"Casa Sebasti\u00e1n\",\"description\":\"Cocina tradicional Jumillana elaborada a fuego lento con Sebasti\u00e1n y Loli\",\"potentialAction\":[{\"@type\":\"SearchAction\",\"target\":{\"@type\":\"EntryPoint\",\"urlTemplate\":\"https:\\\/\\\/pediren.es\\\/casa-sebastian\\\/?s={search_term_string}\"},\"query-input\":{\"@type\":\"PropertyValueSpecification\",\"valueRequired\":true,\"valueName\":\"search_term_string\"}}],\"inLanguage\":\"es\"}]}<\/script>\n<!-- \/ Yoast SEO plugin. -->","yoast_head_json":{"title":"Ensalada de la Casa Individual - Casa Sebasti\u00e1n","robots":{"index":"noindex","follow":"follow"},"schema":{"@context":"https:\/\/schema.org","@graph":[{"@type":"WebPage","@id":"https:\/\/pediren.es\/casa-sebastian\/producto\/ensalada-de-la-casa-individual\/","url":"https:\/\/pediren.es\/casa-sebastian\/producto\/ensalada-de-la-casa-individual\/","name":"Ensalada de la Casa Individual - Casa Sebasti\u00e1n","isPartOf":{"@id":"https:\/\/pediren.es\/casa-sebastian\/#website"},"primaryImageOfPage":{"@id":"https:\/\/pediren.es\/casa-sebastian\/producto\/ensalada-de-la-casa-individual\/#primaryimage"},"image":{"@id":"https:\/\/pediren.es\/casa-sebastian\/producto\/ensalada-de-la-casa-individual\/#primaryimage"},"thumbnailUrl":"https:\/\/pediren.es\/casa-sebastian\/wp-content\/uploads\/sites\/35\/2024\/04\/Ensalada-de-la-Casa-Individual.jpg","datePublished":"2024-04-19T10:06:48+00:00","dateModified":"2024-06-25T18:31:14+00:00","breadcrumb":{"@id":"https:\/\/pediren.es\/casa-sebastian\/producto\/ensalada-de-la-casa-individual\/#breadcrumb"},"inLanguage":"es","potentialAction":[{"@type":"ReadAction","target":["https:\/\/pediren.es\/casa-sebastian\/producto\/ensalada-de-la-casa-individual\/"]}]},{"@type":"ImageObject","inLanguage":"es","@id":"https:\/\/pediren.es\/casa-sebastian\/producto\/ensalada-de-la-casa-individual\/#primaryimage","url":"https:\/\/pediren.es\/casa-sebastian\/wp-content\/uploads\/sites\/35\/2024\/04\/Ensalada-de-la-Casa-Individual.jpg","contentUrl":"https:\/\/pediren.es\/casa-sebastian\/wp-content\/uploads\/sites\/35\/2024\/04\/Ensalada-de-la-Casa-Individual.jpg","width":1000,"height":600},{"@type":"BreadcrumbList","@id":"https:\/\/pediren.es\/casa-sebastian\/producto\/ensalada-de-la-casa-individual\/#breadcrumb","itemListElement":[{"@type":"ListItem","position":1,"name":"Portada","item":"https:\/\/pediren.es\/casa-sebastian\/"},{"@type":"ListItem","position":2,"name":"Casa Sebasti\u00e1n","item":"https:\/\/pediren.es\/casa-sebastian\/"},{"@type":"ListItem","position":3,"name":"Ensalada de la Casa Individual"}]},{"@type":"WebSite","@id":"https:\/\/pediren.es\/casa-sebastian\/#website","url":"https:\/\/pediren.es\/casa-sebastian\/","name":"Casa Sebasti\u00e1n","description":"Cocina tradicional Jumillana elaborada a fuego lento con Sebasti\u00e1n y Loli","potentialAction":[{"@type":"SearchAction","target":{"@type":"EntryPoint","urlTemplate":"https:\/\/pediren.es\/casa-sebastian\/?s={search_term_string}"},"query-input":{"@type":"PropertyValueSpecification","valueRequired":true,"valueName":"search_term_string"}}],"inLanguage":"es"}]}},"_links":{"self":[{"href":"https:\/\/pediren.es\/casa-sebastian\/wp-json\/wp\/v2\/product\/68","targetHints":{"allow":["GET"]}}],"collection":[{"href":"https:\/\/pediren.es\/casa-sebastian\/wp-json\/wp\/v2\/product"}],"about":[{"href":"https:\/\/pediren.es\/casa-sebastian\/wp-json\/wp\/v2\/types\/product"}],"wp:featuredmedia":[{"embeddable":true,"href":"https:\/\/pediren.es\/casa-sebastian\/wp-json\/wp\/v2\/media\/193"}],"wp:attachment":[{"href":"https:\/\/pediren.es\/casa-sebastian\/wp-json\/wp\/v2\/media?parent=68"}],"wp:term":[{"taxonomy":"product_brand","embeddable":true,"href":"https:\/\/pediren.es\/casa-sebastian\/wp-json\/wp\/v2\/product_brand?post=68"},{"taxonomy":"product_cat","embeddable":true,"href":"https:\/\/pediren.es\/casa-sebastian\/wp-json\/wp\/v2\/product_cat?post=68"},{"taxonomy":"product_tag","embeddable":true,"href":"https:\/\/pediren.es\/casa-sebastian\/wp-json\/wp\/v2\/product_tag?post=68"}],"curies":[{"name":"wp","href":"https:\/\/api.w.org\/{rel}","templated":true}]}}