{"id":390,"date":"2024-06-06T11:25:43","date_gmt":"2024-06-06T09:25:43","guid":{"rendered":"https:\/\/pedirenjumilla.es\/carniceria-milber\/producto\/paleta-iberica-pieza-05kg\/"},"modified":"2024-10-02T19:23:17","modified_gmt":"2024-10-02T17:23:17","slug":"paleta-iberica-pieza","status":"publish","type":"product","link":"https:\/\/pediren.es\/carniceria-milber\/producto\/paleta-iberica-pieza\/","title":{"rendered":"Paleta de Cebo Ib\u00e9rico ElPozo 4,5kg aprox."},"content":{"rendered":"<p>Seleccionamos la pieza de mayor tama\u00f1o y calidad para ti. Paleta de cebo Legado Ib\u00e9rico Serie Oro de ElPozo con 50% raza ib\u00e9rica y m\u00e1s de 12 meses de curaci\u00f3n. Peso 4,5kg aprox.<\/p>\n","protected":false},"excerpt":{"rendered":"<p>Seleccionamos la pieza de mayor tama\u00f1o y calidad para ti. Paleta de cebo Legado Ib\u00e9rico Serie Oro de ElPozo con 50% raza ib\u00e9rica y m\u00e1s de 12 meses de curaci\u00f3n. Peso 4,5kg aprox.<\/p>\n","protected":false},"featured_media":484,"template":"","meta":{"_et_pb_use_builder":"","_et_pb_old_content":"","_et_gb_content_width":""},"product_brand":[],"product_cat":[29],"product_tag":[],"class_list":["post-390","product","type-product","status-publish","has-post-thumbnail","product_cat-jamones","first","outofstock","taxable","shipping-taxable","purchasable","product-type-simple"],"yoast_head":"<!-- This site is optimized with the Yoast SEO plugin v28.0 - https:\/\/yoast.com\/product\/yoast-seo-wordpress\/ -->\n<title>Paleta de Cebo Ib\u00e9rico ElPozo 4,5kg aprox. - Carnicer\u00eda Milber<\/title>\n<meta name=\"robots\" content=\"noindex, follow\" \/>\n<script type=\"application\/ld+json\" class=\"yoast-schema-graph\">{\"@context\":\"https:\\\/\\\/schema.org\",\"@graph\":[{\"@type\":\"WebPage\",\"@id\":\"https:\\\/\\\/pediren.es\\\/carniceria-milber\\\/producto\\\/paleta-iberica-pieza\\\/\",\"url\":\"https:\\\/\\\/pediren.es\\\/carniceria-milber\\\/producto\\\/paleta-iberica-pieza\\\/\",\"name\":\"Paleta de Cebo Ib\u00e9rico ElPozo 4,5kg aprox. - Carnicer\u00eda Milber\",\"isPartOf\":{\"@id\":\"https:\\\/\\\/pediren.es\\\/carniceria-milber\\\/#website\"},\"primaryImageOfPage\":{\"@id\":\"https:\\\/\\\/pediren.es\\\/carniceria-milber\\\/producto\\\/paleta-iberica-pieza\\\/#primaryimage\"},\"image\":{\"@id\":\"https:\\\/\\\/pediren.es\\\/carniceria-milber\\\/producto\\\/paleta-iberica-pieza\\\/#primaryimage\"},\"thumbnailUrl\":\"https:\\\/\\\/pediren.es\\\/carniceria-milber\\\/wp-content\\\/uploads\\\/sites\\\/45\\\/2024\\\/06\\\/paleta-iberica-pozo.jpg\",\"datePublished\":\"2024-06-06T09:25:43+00:00\",\"dateModified\":\"2024-10-02T17:23:17+00:00\",\"breadcrumb\":{\"@id\":\"https:\\\/\\\/pediren.es\\\/carniceria-milber\\\/producto\\\/paleta-iberica-pieza\\\/#breadcrumb\"},\"inLanguage\":\"es\",\"potentialAction\":[{\"@type\":\"ReadAction\",\"target\":[\"https:\\\/\\\/pediren.es\\\/carniceria-milber\\\/producto\\\/paleta-iberica-pieza\\\/\"]}]},{\"@type\":\"ImageObject\",\"inLanguage\":\"es\",\"@id\":\"https:\\\/\\\/pediren.es\\\/carniceria-milber\\\/producto\\\/paleta-iberica-pieza\\\/#primaryimage\",\"url\":\"https:\\\/\\\/pediren.es\\\/carniceria-milber\\\/wp-content\\\/uploads\\\/sites\\\/45\\\/2024\\\/06\\\/paleta-iberica-pozo.jpg\",\"contentUrl\":\"https:\\\/\\\/pediren.es\\\/carniceria-milber\\\/wp-content\\\/uploads\\\/sites\\\/45\\\/2024\\\/06\\\/paleta-iberica-pozo.jpg\",\"width\":1000,\"height\":600},{\"@type\":\"BreadcrumbList\",\"@id\":\"https:\\\/\\\/pediren.es\\\/carniceria-milber\\\/producto\\\/paleta-iberica-pieza\\\/#breadcrumb\",\"itemListElement\":[{\"@type\":\"ListItem\",\"position\":1,\"name\":\"Portada\",\"item\":\"https:\\\/\\\/pediren.es\\\/carniceria-milber\\\/\"},{\"@type\":\"ListItem\",\"position\":2,\"name\":\"Carnicer\u00eda Milber\",\"item\":\"https:\\\/\\\/pediren.es\\\/carniceria-milber\\\/\"},{\"@type\":\"ListItem\",\"position\":3,\"name\":\"Paleta de Cebo Ib\u00e9rico ElPozo 4,5kg aprox.\"}]},{\"@type\":\"WebSite\",\"@id\":\"https:\\\/\\\/pediren.es\\\/carniceria-milber\\\/#website\",\"url\":\"https:\\\/\\\/pediren.es\\\/carniceria-milber\\\/\",\"name\":\"Carnicer\u00eda Milber\",\"description\":\"Carne fresca, charcuter\u00eda y elaborados de alta calidad\",\"potentialAction\":[{\"@type\":\"SearchAction\",\"target\":{\"@type\":\"EntryPoint\",\"urlTemplate\":\"https:\\\/\\\/pediren.es\\\/carniceria-milber\\\/?s={search_term_string}\"},\"query-input\":{\"@type\":\"PropertyValueSpecification\",\"valueRequired\":true,\"valueName\":\"search_term_string\"}}],\"inLanguage\":\"es\"}]}<\/script>\n<!-- \/ Yoast SEO plugin. -->","yoast_head_json":{"title":"Paleta de Cebo Ib\u00e9rico ElPozo 4,5kg aprox. - Carnicer\u00eda Milber","robots":{"index":"noindex","follow":"follow"},"schema":{"@context":"https:\/\/schema.org","@graph":[{"@type":"WebPage","@id":"https:\/\/pediren.es\/carniceria-milber\/producto\/paleta-iberica-pieza\/","url":"https:\/\/pediren.es\/carniceria-milber\/producto\/paleta-iberica-pieza\/","name":"Paleta de Cebo Ib\u00e9rico ElPozo 4,5kg aprox. - Carnicer\u00eda Milber","isPartOf":{"@id":"https:\/\/pediren.es\/carniceria-milber\/#website"},"primaryImageOfPage":{"@id":"https:\/\/pediren.es\/carniceria-milber\/producto\/paleta-iberica-pieza\/#primaryimage"},"image":{"@id":"https:\/\/pediren.es\/carniceria-milber\/producto\/paleta-iberica-pieza\/#primaryimage"},"thumbnailUrl":"https:\/\/pediren.es\/carniceria-milber\/wp-content\/uploads\/sites\/45\/2024\/06\/paleta-iberica-pozo.jpg","datePublished":"2024-06-06T09:25:43+00:00","dateModified":"2024-10-02T17:23:17+00:00","breadcrumb":{"@id":"https:\/\/pediren.es\/carniceria-milber\/producto\/paleta-iberica-pieza\/#breadcrumb"},"inLanguage":"es","potentialAction":[{"@type":"ReadAction","target":["https:\/\/pediren.es\/carniceria-milber\/producto\/paleta-iberica-pieza\/"]}]},{"@type":"ImageObject","inLanguage":"es","@id":"https:\/\/pediren.es\/carniceria-milber\/producto\/paleta-iberica-pieza\/#primaryimage","url":"https:\/\/pediren.es\/carniceria-milber\/wp-content\/uploads\/sites\/45\/2024\/06\/paleta-iberica-pozo.jpg","contentUrl":"https:\/\/pediren.es\/carniceria-milber\/wp-content\/uploads\/sites\/45\/2024\/06\/paleta-iberica-pozo.jpg","width":1000,"height":600},{"@type":"BreadcrumbList","@id":"https:\/\/pediren.es\/carniceria-milber\/producto\/paleta-iberica-pieza\/#breadcrumb","itemListElement":[{"@type":"ListItem","position":1,"name":"Portada","item":"https:\/\/pediren.es\/carniceria-milber\/"},{"@type":"ListItem","position":2,"name":"Carnicer\u00eda Milber","item":"https:\/\/pediren.es\/carniceria-milber\/"},{"@type":"ListItem","position":3,"name":"Paleta de Cebo Ib\u00e9rico ElPozo 4,5kg aprox."}]},{"@type":"WebSite","@id":"https:\/\/pediren.es\/carniceria-milber\/#website","url":"https:\/\/pediren.es\/carniceria-milber\/","name":"Carnicer\u00eda Milber","description":"Carne fresca, charcuter\u00eda y elaborados de alta calidad","potentialAction":[{"@type":"SearchAction","target":{"@type":"EntryPoint","urlTemplate":"https:\/\/pediren.es\/carniceria-milber\/?s={search_term_string}"},"query-input":{"@type":"PropertyValueSpecification","valueRequired":true,"valueName":"search_term_string"}}],"inLanguage":"es"}]}},"_links":{"self":[{"href":"https:\/\/pediren.es\/carniceria-milber\/wp-json\/wp\/v2\/product\/390","targetHints":{"allow":["GET"]}}],"collection":[{"href":"https:\/\/pediren.es\/carniceria-milber\/wp-json\/wp\/v2\/product"}],"about":[{"href":"https:\/\/pediren.es\/carniceria-milber\/wp-json\/wp\/v2\/types\/product"}],"wp:featuredmedia":[{"embeddable":true,"href":"https:\/\/pediren.es\/carniceria-milber\/wp-json\/wp\/v2\/media\/484"}],"wp:attachment":[{"href":"https:\/\/pediren.es\/carniceria-milber\/wp-json\/wp\/v2\/media?parent=390"}],"wp:term":[{"taxonomy":"product_brand","embeddable":true,"href":"https:\/\/pediren.es\/carniceria-milber\/wp-json\/wp\/v2\/product_brand?post=390"},{"taxonomy":"product_cat","embeddable":true,"href":"https:\/\/pediren.es\/carniceria-milber\/wp-json\/wp\/v2\/product_cat?post=390"},{"taxonomy":"product_tag","embeddable":true,"href":"https:\/\/pediren.es\/carniceria-milber\/wp-json\/wp\/v2\/product_tag?post=390"}],"curies":[{"name":"wp","href":"https:\/\/api.w.org\/{rel}","templated":true}]}}

Paleta de Cebo Ibérico ElPozo 4,5kg aprox.

<p>Seleccionamos la pieza de mayor tamaño y calidad para ti. Paleta de cebo Legado Ibérico Serie Oro de ElPozo con 50% raza ibérica y más de 12 meses de curación. Peso 4,5kg aprox.</p>

<!-- This site is optimized with the Yoast SEO plugin v28.0 - https://yoast.com/product/yoast-seo-wordpress/ -->
<title>Paleta de Cebo Ibérico ElPozo 4,5kg aprox. - Carnicería Milber</title>
<meta name="robots" content="noindex, follow" />
<script type="application/ld+json" class="yoast-schema-graph">{"@context":"https:\/\/schema.org","@graph":[{"@type":"WebPage","@id":"https:\/\/pediren.es\/carniceria-milber\/producto\/paleta-iberica-pieza\/","url":"https:\/\/pediren.es\/carniceria-milber\/producto\/paleta-iberica-pieza\/","name":"Paleta de Cebo Ibérico ElPozo 4,5kg aprox. - Carnicería Milber","isPartOf":{"@id":"https:\/\/pediren.es\/carniceria-milber\/#website"},"primaryImageOfPage":{"@id":"https:\/\/pediren.es\/carniceria-milber\/producto\/paleta-iberica-pieza\/#primaryimage"},"image":{"@id":"https:\/\/pediren.es\/carniceria-milber\/producto\/paleta-iberica-pieza\/#primaryimage"},"thumbnailUrl":"https:\/\/pediren.es\/carniceria-milber\/wp-content\/uploads\/sites\/45\/2024\/06\/paleta-iberica-pozo.jpg","datePublished":"2024-06-06T09:25:43+00:00","dateModified":"2024-10-02T17:23:17+00:00","breadcrumb":{"@id":"https:\/\/pediren.es\/carniceria-milber\/producto\/paleta-iberica-pieza\/#breadcrumb"},"inLanguage":"es","potentialAction":[{"@type":"ReadAction","target":["https:\/\/pediren.es\/carniceria-milber\/producto\/paleta-iberica-pieza\/"]}]},{"@type":"ImageObject","inLanguage":"es","@id":"https:\/\/pediren.es\/carniceria-milber\/producto\/paleta-iberica-pieza\/#primaryimage","url":"https:\/\/pediren.es\/carniceria-milber\/wp-content\/uploads\/sites\/45\/2024\/06\/paleta-iberica-pozo.jpg","contentUrl":"https:\/\/pediren.es\/carniceria-milber\/wp-content\/uploads\/sites\/45\/2024\/06\/paleta-iberica-pozo.jpg","width":1000,"height":600},{"@type":"BreadcrumbList","@id":"https:\/\/pediren.es\/carniceria-milber\/producto\/paleta-iberica-pieza\/#breadcrumb","itemListElement":[{"@type":"ListItem","position":1,"name":"Portada","item":"https:\/\/pediren.es\/carniceria-milber\/"},{"@type":"ListItem","position":2,"name":"Carnicería Milber","item":"https:\/\/pediren.es\/carniceria-milber\/"},{"@type":"ListItem","position":3,"name":"Paleta de Cebo Ibérico ElPozo 4,5kg aprox."}]},{"@type":"WebSite","@id":"https:\/\/pediren.es\/carniceria-milber\/#website","url":"https:\/\/pediren.es\/carniceria-milber\/","name":"Carnicería Milber","description":"Carne fresca, charcutería y elaborados de alta calidad","potentialAction":[{"@type":"SearchAction","target":{"@type":"EntryPoint","urlTemplate":"https:\/\/pediren.es\/carniceria-milber\/?s={search_term_string}"},"query-input":{"@type":"PropertyValueSpecification","valueRequired":true,"valueName":"search_term_string"}}],"inLanguage":"es"}]}</script>
<!-- / Yoast SEO plugin. -->

Paleta de Cebo Ibérico ElPozo 4,5kg aprox. - Carnicería Milber

Carnicería Milber

Carne fresca, charcutería y elaborados de alta calidad
