{"id":85,"date":"2025-09-24T08:49:24","date_gmt":"2025-09-24T06:49:24","guid":{"rendered":"https:\/\/pediren.es\/bocateria-instituto-cieza\/producto\/10-burger-vegetal-con-queso\/"},"modified":"2026-02-27T09:55:03","modified_gmt":"2026-02-27T08:55:03","slug":"burger-vegetal-con-queso","status":"publish","type":"product","link":"https:\/\/pediren.es\/bocateria-instituto-cieza\/producto\/burger-vegetal-con-queso\/","title":{"rendered":"Burger Vegetal con queso"},"content":{"rendered":"<p>Carne, tomate, lechuga, cebolla y queso.<\/p>\n","protected":false},"excerpt":{"rendered":"<p>Carne, tomate, lechuga, cebolla y queso.<\/p>\n","protected":false},"featured_media":0,"template":"","meta":{"_et_pb_use_builder":"","_et_pb_old_content":"","_et_gb_content_width":""},"product_brand":[],"product_cat":[19],"product_tag":[],"class_list":{"0":"post-85","1":"product","2":"type-product","3":"status-publish","5":"product_cat-burgers","7":"first","8":"instock","9":"taxable","10":"shipping-taxable","11":"purchasable","12":"product-type-simple"},"yoast_head":"<!-- This site is optimized with the Yoast SEO plugin v27.4 - https:\/\/yoast.com\/product\/yoast-seo-wordpress\/ -->\n<title>Burger Vegetal con queso - Bocater\u00eda Instituto<\/title>\n<meta name=\"robots\" content=\"index, follow, max-snippet:-1, max-image-preview:large, max-video-preview:-1\" \/>\n<link rel=\"canonical\" href=\"https:\/\/pediren.es\/bocateria-instituto-cieza\/producto\/burger-vegetal-con-queso\/\" \/>\n<meta property=\"og:locale\" content=\"es_ES\" \/>\n<meta property=\"og:type\" content=\"article\" \/>\n<meta property=\"og:title\" content=\"Burger Vegetal con queso - Bocater\u00eda Instituto\" \/>\n<meta property=\"og:description\" content=\"Carne, tomate, lechuga, cebolla y queso.\" \/>\n<meta property=\"og:url\" content=\"https:\/\/pediren.es\/bocateria-instituto-cieza\/producto\/burger-vegetal-con-queso\/\" \/>\n<meta property=\"og:site_name\" content=\"Bocater\u00eda Instituto\" \/>\n<meta property=\"article:modified_time\" content=\"2026-02-27T08:55:03+00:00\" \/>\n<meta name=\"twitter:card\" content=\"summary_large_image\" \/>\n<script type=\"application\/ld+json\" class=\"yoast-schema-graph\">{\"@context\":\"https:\\\/\\\/schema.org\",\"@graph\":[{\"@type\":\"WebPage\",\"@id\":\"https:\\\/\\\/pediren.es\\\/bocateria-instituto-cieza\\\/producto\\\/burger-vegetal-con-queso\\\/\",\"url\":\"https:\\\/\\\/pediren.es\\\/bocateria-instituto-cieza\\\/producto\\\/burger-vegetal-con-queso\\\/\",\"name\":\"Burger Vegetal con queso - Bocater\u00eda Instituto\",\"isPartOf\":{\"@id\":\"https:\\\/\\\/pediren.es\\\/bocateria-instituto-cieza\\\/#website\"},\"datePublished\":\"2025-09-24T06:49:24+00:00\",\"dateModified\":\"2026-02-27T08:55:03+00:00\",\"breadcrumb\":{\"@id\":\"https:\\\/\\\/pediren.es\\\/bocateria-instituto-cieza\\\/producto\\\/burger-vegetal-con-queso\\\/#breadcrumb\"},\"inLanguage\":\"es\",\"potentialAction\":[{\"@type\":\"ReadAction\",\"target\":[\"https:\\\/\\\/pediren.es\\\/bocateria-instituto-cieza\\\/producto\\\/burger-vegetal-con-queso\\\/\"]}]},{\"@type\":\"BreadcrumbList\",\"@id\":\"https:\\\/\\\/pediren.es\\\/bocateria-instituto-cieza\\\/producto\\\/burger-vegetal-con-queso\\\/#breadcrumb\",\"itemListElement\":[{\"@type\":\"ListItem\",\"position\":1,\"name\":\"Portada\",\"item\":\"https:\\\/\\\/pediren.es\\\/bocateria-instituto-cieza\\\/\"},{\"@type\":\"ListItem\",\"position\":2,\"name\":\"Bocater\u00eda Instituto Cieza\",\"item\":\"https:\\\/\\\/pediren.es\\\/bocateria-instituto-cieza\\\/\"},{\"@type\":\"ListItem\",\"position\":3,\"name\":\"Burger Vegetal con queso\"}]},{\"@type\":\"WebSite\",\"@id\":\"https:\\\/\\\/pediren.es\\\/bocateria-instituto-cieza\\\/#website\",\"url\":\"https:\\\/\\\/pediren.es\\\/bocateria-instituto-cieza\\\/\",\"name\":\"Bocater\u00eda Instituto\",\"description\":\"Los bocatas m\u00e1s famosos de Cieza se piden aqu\u00ed\",\"potentialAction\":[{\"@type\":\"SearchAction\",\"target\":{\"@type\":\"EntryPoint\",\"urlTemplate\":\"https:\\\/\\\/pediren.es\\\/bocateria-instituto-cieza\\\/?s={search_term_string}\"},\"query-input\":{\"@type\":\"PropertyValueSpecification\",\"valueRequired\":true,\"valueName\":\"search_term_string\"}}],\"inLanguage\":\"es\"}]}<\/script>\n<!-- \/ Yoast SEO plugin. -->","yoast_head_json":{"title":"Burger Vegetal con queso - Bocater\u00eda Instituto","robots":{"index":"index","follow":"follow","max-snippet":"max-snippet:-1","max-image-preview":"max-image-preview:large","max-video-preview":"max-video-preview:-1"},"canonical":"https:\/\/pediren.es\/bocateria-instituto-cieza\/producto\/burger-vegetal-con-queso\/","og_locale":"es_ES","og_type":"article","og_title":"Burger Vegetal con queso - Bocater\u00eda Instituto","og_description":"Carne, tomate, lechuga, cebolla y queso.","og_url":"https:\/\/pediren.es\/bocateria-instituto-cieza\/producto\/burger-vegetal-con-queso\/","og_site_name":"Bocater\u00eda Instituto","article_modified_time":"2026-02-27T08:55:03+00:00","twitter_card":"summary_large_image","schema":{"@context":"https:\/\/schema.org","@graph":[{"@type":"WebPage","@id":"https:\/\/pediren.es\/bocateria-instituto-cieza\/producto\/burger-vegetal-con-queso\/","url":"https:\/\/pediren.es\/bocateria-instituto-cieza\/producto\/burger-vegetal-con-queso\/","name":"Burger Vegetal con queso - Bocater\u00eda Instituto","isPartOf":{"@id":"https:\/\/pediren.es\/bocateria-instituto-cieza\/#website"},"datePublished":"2025-09-24T06:49:24+00:00","dateModified":"2026-02-27T08:55:03+00:00","breadcrumb":{"@id":"https:\/\/pediren.es\/bocateria-instituto-cieza\/producto\/burger-vegetal-con-queso\/#breadcrumb"},"inLanguage":"es","potentialAction":[{"@type":"ReadAction","target":["https:\/\/pediren.es\/bocateria-instituto-cieza\/producto\/burger-vegetal-con-queso\/"]}]},{"@type":"BreadcrumbList","@id":"https:\/\/pediren.es\/bocateria-instituto-cieza\/producto\/burger-vegetal-con-queso\/#breadcrumb","itemListElement":[{"@type":"ListItem","position":1,"name":"Portada","item":"https:\/\/pediren.es\/bocateria-instituto-cieza\/"},{"@type":"ListItem","position":2,"name":"Bocater\u00eda Instituto Cieza","item":"https:\/\/pediren.es\/bocateria-instituto-cieza\/"},{"@type":"ListItem","position":3,"name":"Burger Vegetal con queso"}]},{"@type":"WebSite","@id":"https:\/\/pediren.es\/bocateria-instituto-cieza\/#website","url":"https:\/\/pediren.es\/bocateria-instituto-cieza\/","name":"Bocater\u00eda Instituto","description":"Los bocatas m\u00e1s famosos de Cieza se piden aqu\u00ed","potentialAction":[{"@type":"SearchAction","target":{"@type":"EntryPoint","urlTemplate":"https:\/\/pediren.es\/bocateria-instituto-cieza\/?s={search_term_string}"},"query-input":{"@type":"PropertyValueSpecification","valueRequired":true,"valueName":"search_term_string"}}],"inLanguage":"es"}]}},"_links":{"self":[{"href":"https:\/\/pediren.es\/bocateria-instituto-cieza\/wp-json\/wp\/v2\/product\/85","targetHints":{"allow":["GET"]}}],"collection":[{"href":"https:\/\/pediren.es\/bocateria-instituto-cieza\/wp-json\/wp\/v2\/product"}],"about":[{"href":"https:\/\/pediren.es\/bocateria-instituto-cieza\/wp-json\/wp\/v2\/types\/product"}],"wp:attachment":[{"href":"https:\/\/pediren.es\/bocateria-instituto-cieza\/wp-json\/wp\/v2\/media?parent=85"}],"wp:term":[{"taxonomy":"product_brand","embeddable":true,"href":"https:\/\/pediren.es\/bocateria-instituto-cieza\/wp-json\/wp\/v2\/product_brand?post=85"},{"taxonomy":"product_cat","embeddable":true,"href":"https:\/\/pediren.es\/bocateria-instituto-cieza\/wp-json\/wp\/v2\/product_cat?post=85"},{"taxonomy":"product_tag","embeddable":true,"href":"https:\/\/pediren.es\/bocateria-instituto-cieza\/wp-json\/wp\/v2\/product_tag?post=85"}],"curies":[{"name":"wp","href":"https:\/\/api.w.org\/{rel}","templated":true}]}}