{"id":401,"date":"2024-06-09T18:02:15","date_gmt":"2024-06-09T16:02:15","guid":{"rendered":"https:\/\/pedirenjumilla.es\/bar-central\/?post_type=product&#038;p=401"},"modified":"2024-07-17T18:05:39","modified_gmt":"2024-07-17T16:05:39","slug":"pan-sin-gluten-racion","status":"publish","type":"product","link":"https:\/\/pediren.es\/bar-central\/producto\/pan-sin-gluten-racion\/","title":{"rendered":"Pan Sin Gluten &#8211; Raci\u00f3n"},"content":{"rendered":"<p>Raci\u00f3n individual. A\u00f1ade una raci\u00f3n por persona.<\/p>\n","protected":false},"excerpt":{"rendered":"<p>Raci\u00f3n individual. A\u00f1ade una raci\u00f3n por persona.<\/p>\n","protected":false},"featured_media":434,"template":"","meta":{"_et_pb_use_builder":"","_et_pb_old_content":"","_et_gb_content_width":""},"product_brand":[],"product_cat":[44],"product_tag":[],"class_list":{"0":"post-401","1":"product","2":"type-product","3":"status-publish","4":"has-post-thumbnail","6":"product_cat-pan","8":"first","9":"instock","10":"taxable","11":"shipping-taxable","12":"purchasable","13":"product-type-simple"},"yoast_head":"<!-- This site is optimized with the Yoast SEO plugin v27.4 - https:\/\/yoast.com\/product\/yoast-seo-wordpress\/ -->\n<title>Pan Sin Gluten - Raci\u00f3n - Bar Central<\/title>\n<meta name=\"robots\" content=\"noindex, follow\" \/>\n<script type=\"application\/ld+json\" class=\"yoast-schema-graph\">{\"@context\":\"https:\\\/\\\/schema.org\",\"@graph\":[{\"@type\":\"WebPage\",\"@id\":\"https:\\\/\\\/pediren.es\\\/bar-central\\\/producto\\\/pan-sin-gluten-racion\\\/\",\"url\":\"https:\\\/\\\/pediren.es\\\/bar-central\\\/producto\\\/pan-sin-gluten-racion\\\/\",\"name\":\"Pan Sin Gluten - Raci\u00f3n - Bar Central\",\"isPartOf\":{\"@id\":\"https:\\\/\\\/pediren.es\\\/bar-central\\\/#website\"},\"primaryImageOfPage\":{\"@id\":\"https:\\\/\\\/pediren.es\\\/bar-central\\\/producto\\\/pan-sin-gluten-racion\\\/#primaryimage\"},\"image\":{\"@id\":\"https:\\\/\\\/pediren.es\\\/bar-central\\\/producto\\\/pan-sin-gluten-racion\\\/#primaryimage\"},\"thumbnailUrl\":\"https:\\\/\\\/pediren.es\\\/bar-central\\\/wp-content\\\/uploads\\\/sites\\\/46\\\/2024\\\/07\\\/racion-de-pan-sin-gluten.jpg\",\"datePublished\":\"2024-06-09T16:02:15+00:00\",\"dateModified\":\"2024-07-17T16:05:39+00:00\",\"breadcrumb\":{\"@id\":\"https:\\\/\\\/pediren.es\\\/bar-central\\\/producto\\\/pan-sin-gluten-racion\\\/#breadcrumb\"},\"inLanguage\":\"es\",\"potentialAction\":[{\"@type\":\"ReadAction\",\"target\":[\"https:\\\/\\\/pediren.es\\\/bar-central\\\/producto\\\/pan-sin-gluten-racion\\\/\"]}]},{\"@type\":\"ImageObject\",\"inLanguage\":\"es\",\"@id\":\"https:\\\/\\\/pediren.es\\\/bar-central\\\/producto\\\/pan-sin-gluten-racion\\\/#primaryimage\",\"url\":\"https:\\\/\\\/pediren.es\\\/bar-central\\\/wp-content\\\/uploads\\\/sites\\\/46\\\/2024\\\/07\\\/racion-de-pan-sin-gluten.jpg\",\"contentUrl\":\"https:\\\/\\\/pediren.es\\\/bar-central\\\/wp-content\\\/uploads\\\/sites\\\/46\\\/2024\\\/07\\\/racion-de-pan-sin-gluten.jpg\",\"width\":1000,\"height\":600},{\"@type\":\"BreadcrumbList\",\"@id\":\"https:\\\/\\\/pediren.es\\\/bar-central\\\/producto\\\/pan-sin-gluten-racion\\\/#breadcrumb\",\"itemListElement\":[{\"@type\":\"ListItem\",\"position\":1,\"name\":\"Portada\",\"item\":\"https:\\\/\\\/pediren.es\\\/bar-central\\\/\"},{\"@type\":\"ListItem\",\"position\":2,\"name\":\"Bar Central\",\"item\":\"https:\\\/\\\/pediren.es\\\/bar-central\\\/\"},{\"@type\":\"ListItem\",\"position\":3,\"name\":\"Pan Sin Gluten &#8211; Raci\u00f3n\"}]},{\"@type\":\"WebSite\",\"@id\":\"https:\\\/\\\/pediren.es\\\/bar-central\\\/#website\",\"url\":\"https:\\\/\\\/pediren.es\\\/bar-central\\\/\",\"name\":\"Bar Central\",\"description\":\"\u00a1D\u00e9jate sorprender con nuestras tapas, entrantes y platos calientes!\",\"publisher\":{\"@id\":\"https:\\\/\\\/pediren.es\\\/bar-central\\\/#organization\"},\"potentialAction\":[{\"@type\":\"SearchAction\",\"target\":{\"@type\":\"EntryPoint\",\"urlTemplate\":\"https:\\\/\\\/pediren.es\\\/bar-central\\\/?s={search_term_string}\"},\"query-input\":{\"@type\":\"PropertyValueSpecification\",\"valueRequired\":true,\"valueName\":\"search_term_string\"}}],\"inLanguage\":\"es\"},{\"@type\":\"Organization\",\"@id\":\"https:\\\/\\\/pediren.es\\\/bar-central\\\/#organization\",\"name\":\"PedirEnJumilla.es\",\"alternateName\":\"Pedir En Jumilla\",\"url\":\"https:\\\/\\\/pediren.es\\\/bar-central\\\/\",\"logo\":{\"@type\":\"ImageObject\",\"inLanguage\":\"es\",\"@id\":\"https:\\\/\\\/pediren.es\\\/bar-central\\\/#\\\/schema\\\/logo\\\/image\\\/\",\"url\":\"https:\\\/\\\/pediren.es\\\/wp-content\\\/uploads\\\/2024\\\/02\\\/pedir-en-jumilla-es-logo.svg\",\"contentUrl\":\"https:\\\/\\\/pediren.es\\\/wp-content\\\/uploads\\\/2024\\\/02\\\/pedir-en-jumilla-es-logo.svg\",\"width\":500,\"height\":173,\"caption\":\"PedirEnJumilla.es\"},\"image\":{\"@id\":\"https:\\\/\\\/pediren.es\\\/bar-central\\\/#\\\/schema\\\/logo\\\/image\\\/\"},\"sameAs\":[\"https:\\\/\\\/www.facebook.com\\\/pediren.es\",\"https:\\\/\\\/www.instagram.com\\\/pediren.es\\\/\"]}]}<\/script>\n<!-- \/ Yoast SEO plugin. -->","yoast_head_json":{"title":"Pan Sin Gluten - Raci\u00f3n - Bar Central","robots":{"index":"noindex","follow":"follow"},"schema":{"@context":"https:\/\/schema.org","@graph":[{"@type":"WebPage","@id":"https:\/\/pediren.es\/bar-central\/producto\/pan-sin-gluten-racion\/","url":"https:\/\/pediren.es\/bar-central\/producto\/pan-sin-gluten-racion\/","name":"Pan Sin Gluten - Raci\u00f3n - Bar Central","isPartOf":{"@id":"https:\/\/pediren.es\/bar-central\/#website"},"primaryImageOfPage":{"@id":"https:\/\/pediren.es\/bar-central\/producto\/pan-sin-gluten-racion\/#primaryimage"},"image":{"@id":"https:\/\/pediren.es\/bar-central\/producto\/pan-sin-gluten-racion\/#primaryimage"},"thumbnailUrl":"https:\/\/pediren.es\/bar-central\/wp-content\/uploads\/sites\/46\/2024\/07\/racion-de-pan-sin-gluten.jpg","datePublished":"2024-06-09T16:02:15+00:00","dateModified":"2024-07-17T16:05:39+00:00","breadcrumb":{"@id":"https:\/\/pediren.es\/bar-central\/producto\/pan-sin-gluten-racion\/#breadcrumb"},"inLanguage":"es","potentialAction":[{"@type":"ReadAction","target":["https:\/\/pediren.es\/bar-central\/producto\/pan-sin-gluten-racion\/"]}]},{"@type":"ImageObject","inLanguage":"es","@id":"https:\/\/pediren.es\/bar-central\/producto\/pan-sin-gluten-racion\/#primaryimage","url":"https:\/\/pediren.es\/bar-central\/wp-content\/uploads\/sites\/46\/2024\/07\/racion-de-pan-sin-gluten.jpg","contentUrl":"https:\/\/pediren.es\/bar-central\/wp-content\/uploads\/sites\/46\/2024\/07\/racion-de-pan-sin-gluten.jpg","width":1000,"height":600},{"@type":"BreadcrumbList","@id":"https:\/\/pediren.es\/bar-central\/producto\/pan-sin-gluten-racion\/#breadcrumb","itemListElement":[{"@type":"ListItem","position":1,"name":"Portada","item":"https:\/\/pediren.es\/bar-central\/"},{"@type":"ListItem","position":2,"name":"Bar Central","item":"https:\/\/pediren.es\/bar-central\/"},{"@type":"ListItem","position":3,"name":"Pan Sin Gluten &#8211; Raci\u00f3n"}]},{"@type":"WebSite","@id":"https:\/\/pediren.es\/bar-central\/#website","url":"https:\/\/pediren.es\/bar-central\/","name":"Bar Central","description":"\u00a1D\u00e9jate sorprender con nuestras tapas, entrantes y platos calientes!","publisher":{"@id":"https:\/\/pediren.es\/bar-central\/#organization"},"potentialAction":[{"@type":"SearchAction","target":{"@type":"EntryPoint","urlTemplate":"https:\/\/pediren.es\/bar-central\/?s={search_term_string}"},"query-input":{"@type":"PropertyValueSpecification","valueRequired":true,"valueName":"search_term_string"}}],"inLanguage":"es"},{"@type":"Organization","@id":"https:\/\/pediren.es\/bar-central\/#organization","name":"PedirEnJumilla.es","alternateName":"Pedir En Jumilla","url":"https:\/\/pediren.es\/bar-central\/","logo":{"@type":"ImageObject","inLanguage":"es","@id":"https:\/\/pediren.es\/bar-central\/#\/schema\/logo\/image\/","url":"https:\/\/pediren.es\/wp-content\/uploads\/2024\/02\/pedir-en-jumilla-es-logo.svg","contentUrl":"https:\/\/pediren.es\/wp-content\/uploads\/2024\/02\/pedir-en-jumilla-es-logo.svg","width":500,"height":173,"caption":"PedirEnJumilla.es"},"image":{"@id":"https:\/\/pediren.es\/bar-central\/#\/schema\/logo\/image\/"},"sameAs":["https:\/\/www.facebook.com\/pediren.es","https:\/\/www.instagram.com\/pediren.es\/"]}]}},"_links":{"self":[{"href":"https:\/\/pediren.es\/bar-central\/wp-json\/wp\/v2\/product\/401","targetHints":{"allow":["GET"]}}],"collection":[{"href":"https:\/\/pediren.es\/bar-central\/wp-json\/wp\/v2\/product"}],"about":[{"href":"https:\/\/pediren.es\/bar-central\/wp-json\/wp\/v2\/types\/product"}],"wp:featuredmedia":[{"embeddable":true,"href":"https:\/\/pediren.es\/bar-central\/wp-json\/wp\/v2\/media\/434"}],"wp:attachment":[{"href":"https:\/\/pediren.es\/bar-central\/wp-json\/wp\/v2\/media?parent=401"}],"wp:term":[{"taxonomy":"product_brand","embeddable":true,"href":"https:\/\/pediren.es\/bar-central\/wp-json\/wp\/v2\/product_brand?post=401"},{"taxonomy":"product_cat","embeddable":true,"href":"https:\/\/pediren.es\/bar-central\/wp-json\/wp\/v2\/product_cat?post=401"},{"taxonomy":"product_tag","embeddable":true,"href":"https:\/\/pediren.es\/bar-central\/wp-json\/wp\/v2\/product_tag?post=401"}],"curies":[{"name":"wp","href":"https:\/\/api.w.org\/{rel}","templated":true}]}}